et f(h) = -h**2 - h + 1. Let g(n) = n**3 + 9*n**2 + 10*n - 8. Let v(u) = 4*f(u) + g(u). Let z be v(-5). What is the tens digit of (-4)/8*z - -2?
1
Suppose 2*n = 2*q - 3 - 3, -4*q + 3*n = -13. Suppose q*l - l = -15, -4*t + 33 = 3*l. What is the units digit of t?
2
Suppose 160 = 8*q - 88. Suppose -q + 3 = -v. What is the units digit of v?
8
Suppose -3 = -3*z + 6. Suppose 0 = -z*c + 2*c + 38. What is the units digit of c?
8
Let h(m) = m**3 - 3*m**2 + 6*m + 7. What is the hundreds digit of h(6)?
1
Let r be (1/2)/((-5)/20). Let t(u) = 2*u + 3*u**2 + 3*u**2 + u**2 + 2. What is the units digit of t(r)?
6
Suppose 41 - 11 = -5*y. What is the tens digit of 2252/16 - 3 - y/(-8)?
3
Let b(z) = z**2 + 15*z - 105. What is the units digit of b(14)?
1
Let i be 10/4 - (-10)/(-4). Suppose -2*t - 6 + 42 = i. What is the units digit of t?
8
Suppose -76 = -5*c + 4*c. What is the tens digit of -10*(-5)/(50/c)?
7
Let x(p) = -p**3 - 31*p**2 - 20*p + 31. What is the units digit of x(-31)?
1
Suppose -25 - 39 = -8*k. Suppose -3*z = k*z - 1166. What is the tens digit of z?
0
Let c = 8 - 6. Suppose -w - 5*t = 4 - 27, 0 = c*w + t - 82. What is the units digit of w?
3
Let j(v) be the second derivative of v**5/20 + 2*v**4/3 + v**3 - 9*v**2/2 + 4*v. Let a be j(-7). What is the tens digit of a/(-7) + 192/14?
1
Suppose -z + 61 = -19. Suppose -4*k - 8 = -z. What is the units digit of k?
8
Let x(q) be the third derivative of q**6/24 - q**5/60 - q**4/8 + q**3/3 + 7*q**2 - 1. What is the hundreds digit of x(4)?
2
Let h(l) = -l**2 - l + 11. Let y be h(3). Let t = 116 + y. What is the tens digit of t?
1
Suppose -127558 = -19*y - 28*y. What is the units digit of y?
4
Suppose -2181 = -8*i + 1571. What is the units digit of i?
9
Let j(c) be the first derivative of -17*c**2/2 + 24*c - 36. What is the hundreds digit of j(-9)?
1
Suppose 2*l - 3 + 5 = 0. Let s(f) = 8*f**2 + f + 1. Let w be s(l). What is the units digit of (90/(-4))/((-6)/w)?
0
What is the tens digit of 15/3 - 5/(15/(-333))?
1
Let n(a) = a**2 - 4*a + 2. Let f be n(3). What is the units digit of (-31)/(-2) - f/(-2)?
5
Suppose 5*f + 5*k = -5, -4*k - k - 5 = -4*f. Suppose f = -4*q + r + 51, q - 4*r = 2*q. Suppose -2*u + q = 2*u. What is the units digit of u?
3
Suppose 4*f - 7*f + 9 = 0. Suppose 5*h - 5*v = -0*v + 20, f*h + 3*v - 12 = 0. Suppose -92 = -h*s + 40. What is the tens digit of s?
3
Let s be (-3)/6 + 522/4. Suppose s = -5*f - 115. Let v = 71 + f. What is the tens digit of v?
2
Let n = 326 - 218. Let k = n + 15. What is the units digit of k?
3
Let f = 32 + -29. Let a(z) = 6*z**2 + 4*z - 2. What is the tens digit of a(f)?
6
Let l be (-8 - -8) + 39/1. Let w = l + -15. What is the units digit of w + -1 - (0 + -1)?
4
Suppose -5*r = -727 + 2512. What is the hundreds digit of r/((-9)/3)*1?
1
Let f = -155 - -158. What is the units digit of f?
3
Suppose -2 = -i + 1. Let z(o) = -7*o + 8. Let n(m) = -7*m + 7. Let p(f) = -4*n(f) + 3*z(f). What is the tens digit of p(i)?
1
What is the tens digit of (-3065)/2*(-42)/105?
1
Suppose q = 5*m - 4072, m = 4*q - 26 + 848. What is the hundreds digit of m?
8
Let z(w) = 15*w**3 - 7*w**2 + 15*w - 28. What is the hundreds digit of z(4)?
8
Let g(j) = -j**2 - j - 2. Let d be g(-3). Let k be (1 + d/3)*-3. Suppose 4*y = 3*m - 17 + 92, -4*y + 99 = k*m. What is the units digit of y?
1
Let u(k) = -10*k**3 + 9*k**2 + 8*k - 17. What is the tens digit of u(-5)?
1
Let k(s) be the second derivative of -2*s**3 - 17*s**2/2 - s. What is the units digit of k(-9)?
1
Let z = 83 + -238. Let u = -101 - z. Let i = u + -38. What is the tens digit of i?
1
Suppose 5*w - 5 = -2*t, 4*t + 5 = -t + 5*w. Suppose l + t - 20 = 0. Let v = 29 - l. What is the units digit of v?
9
Suppose -4665 = 35*m - 38*m + 3*k, m = -5*k + 1573. What is the thousands digit of m?
1
Let s(o) = 3*o**2 - 12*o - o**2 + o**2 - 2*o**2 + 14. Let b be s(12). What is the tens digit of b - (-1)/(-1 - -2)?
1
Let f be (-8 - -2)*5/(-10). Suppose u - 11 = -3*d, -f*d = -2*d + 4*u + 11. Suppose -5*j - d*t - 53 = -138, -3*j - 4*t = -49. What is the tens digit of j?
1
What is the units digit of 2178/21 + (-2)/(-7)?
4
Let o = 115 - 111. What is the units digit of o?
4
Let h = -14 + 12. Let a be (-1701)/(-7)*h/(-6). Suppose 2*d - 5*l - a = -19, -2*d - 2*l = -76. What is the units digit of d?
6
Suppose -y - 490 + 957 = 0. What is the units digit of y?
7
Let i(v) be the second derivative of v**4/12 + v**2/2 - 9*v. What is the tens digit of i(-7)?
5
Suppose 2*b = -3*b + 5*t + 405, -5*b + 423 = t. Let f = 134 + b. What is the tens digit of f?
1
Suppose 0 = -2*d - 5*z + 52, 23 = 2*d + z - 21. Let b = d + 47. What is the tens digit of b?
6
Let j(o) = o**2 + 12*o + 9. Let v be j(-11). Let z(y) = 10*y - 2*y**3 - 4*y**3 - 8*y + 1 - y**2. What is the tens digit of z(v)?
4
Let j(k) = 3*k - 4 + 12 + k**2 + 0*k**2. What is the units digit of j(-7)?
6
Let w = 38 - 29. What is the tens digit of (-5)/10*-18*w?
8
Let d be 4/14 + 15/21. Suppose -2*a + 5 - d = 0. Suppose n + 2*v = 5*v - a, 0 = -v + 3. What is the units digit of n?
7
Suppose 0 = -6*t + 4*t - 54. Let y(f) = -f + 14. Let a be y(14). Let z = a - t. What is the units digit of z?
7
Let n(k) be the first derivative of -11*k**2/2 - 4*k - 15. What is the units digit of n(-6)?
2
Suppose -2*k + 27 = -3. Suppose 6*w - w = -4*o + 177, 0 = 5*o - k. Suppose -4*n + w = -n. What is the units digit of n?
1
Suppose 2*k + 5*q = -443 + 5785, 0 = -5*k - 5*q + 13340. What is the units digit of k?
6
Let k(t) = 13*t + 1. Suppose 11*u + 8 = 13*u. Suppose u - 3 = p. What is the tens digit of k(p)?
1
Suppose -6*h - 88 = -28*h. What is the units digit of h?
4
Suppose 3*d + 4*s = -1824, -d - s - 619 = 4*s. Let f = -325 - d. What is the units digit of f?
9
Let j(n) = n**3 - 20*n**2 + 6*n - 13. Let t be 60/9*4*(-9)/(-12). What is the tens digit of j(t)?
0
Let a(y) = y**3 + 7*y**2 + 7*y - 1. Let m be a(-6). What is the units digit of (-1)/((-21)/(-12)) + (-655)/m?
3
Suppose 4 = -d + 2*d. Let f be 2/d - 4/8. Suppose f = 4*p + 3*w - 7, p = -5*w - 11. What is the units digit of p?
4
Suppose 2*t - 13 = -5*b + 14, b = -5*t + 10. Suppose -14*k + 3872 - 442 = 0. Suppose 99 = 2*s + v, 0 = -b*s - v - v + k. What is the units digit of s?
7
Suppose 1274 + 265 = 9*g. Let i = -49 + g. What is the units digit of i?
2
Suppose k = -0*k - 560. What is the units digit of (12/(-14))/(8/k)?
0
Let h(x) = x**2 - 8*x - 13. Suppose 4*o - 39 - 9 = 0. What is the units digit of h(o)?
5
Suppose -3280 = -91*f + 83*f. What is the tens digit of f?
1
Let z be 3*(68/(-12))/(-1). Let p = -30 + z. Let h = 32 + p. What is the tens digit of h?
1
Let m(n) = -n + 1. Let b(o) = -12*o + 7. Let r(p) = -b(p) + 5*m(p). What is the tens digit of r(7)?
4
Let i(d) = d**3 + 7*d**2 - 9*d + 6. Let v be i(-7). Suppose 0 = 5*x - 4*c - v, -5*x + 57 = c - 32. What is the units digit of x?
7
Suppose 18*b - 10*b = 32. What is the units digit of ((-6)/b)/(27/(-1152))?
4
Let k(q) = 43*q - 16 - 23*q - 26*q. What is the units digit of k(-7)?
6
Suppose 0 = l + 4*c + 18, -5*l - 15 = -4*l + 3*c. What is the tens digit of l/(-21) - (262/7)/(-2)?
1
Suppose 4*y - 2 = 2*y. Let l = y - 1. Suppose -16*t + 17*t - 18 = l. What is the units digit of t?
8
What is the hundreds digit of 3/((-18)/40)*24396/(-190)?
8
Let x(u) = -2*u + 17. Let v be x(8). Let m be (-15)/(-15)*-5*v. Let o = 70 + m. What is the units digit of o?
5
Let u = 2125 - 865. What is the units digit of u?
0
Let j(c) = 89*c - 19. What is the units digit of j(5)?
6
Suppose 5*d + 13 = 4*s, 0 = 2*d - 3*s + 2*s + 4. Let x = -9 - d. What is the units digit of 12/x*8/(-6)?
2
What is the units digit of ((-2)/(-2))/(3/1299)?
3
Let y(j) = 30*j**2 - 26*j + 89. What is the thousands digit of y(10)?
2
Suppose 2*m + 4*t - 298 = 0, 0 = -4*m - 0*m + t + 551. What is the hundreds digit of m?
1
Suppose 2*d - 123 = 3*x, -4*d + 187 = -4*x - 9*d. What is the units digit of (x*3)/(-3)*1?
3
Let w = -59 - 187. Suppose -2*d + 3*d = -176. Let y = d - w. What is the units digit of y?
0
Let a(t) be the second derivative of t**4/12 + t**3/2 - 5*t**2/2 - 6*t. What is the tens digit of a(6)?
4
Suppose 3*z - 219 = -4*l, z + 3*z = 5*l - 266. Suppose 263*h - 261*h = 54. Let s = l - h. What is the units digit of s?
7
What is the hundreds digit of ((-1887)/68)/((-3)/64)?
5
What is t